{"id":9,"date":"2020-09-16T09:17:37","date_gmt":"2020-09-16T07:17:37","guid":{"rendered":"http:\/\/gerccma.com\/?page_id=9"},"modified":"2020-10-01T20:08:54","modified_gmt":"2020-10-01T18:08:54","slug":"sobre-nosotros","status":"publish","type":"page","link":"https:\/\/gerccma.com\/index.php\/sobre-nosotros\/","title":{"rendered":"Sobre Nosotros"},"content":{"rendered":"\t\t<div data-elementor-type=\"wp-page\" data-elementor-id=\"9\" class=\"elementor elementor-9\">\n\t\t\t\t\t\t<div class=\"elementor-inner\">\n\t\t\t\t<div class=\"elementor-section-wrap\">\n\t\t\t\t\t\t\t\t\t<section class=\"elementor-section elementor-top-section elementor-element elementor-element-306a31bb elementor-section-boxed elementor-section-height-default elementor-section-height-default\" data-id=\"306a31bb\" data-element_type=\"section\">\n\t\t\t\t\t\t<div class=\"elementor-container elementor-column-gap-default\">\n\t\t\t\t\t\t\t<div class=\"elementor-row\">\n\t\t\t\t\t<div class=\"elementor-column elementor-col-100 elementor-top-column elementor-element elementor-element-756f5799\" data-id=\"756f5799\" data-element_type=\"column\">\n\t\t\t<div class=\"elementor-column-wrap elementor-element-populated\">\n\t\t\t\t\t\t\t<div class=\"elementor-widget-wrap\">\n\t\t\t\t\t\t<div class=\"elementor-element elementor-element-7ff413ac elementor-widget elementor-widget-text-editor\" data-id=\"7ff413ac\" data-element_type=\"widget\" data-widget_type=\"text-editor.default\">\n\t\t\t\t<div class=\"elementor-widget-container\">\n\t\t\t\t\t\t\t\t<div class=\"elementor-text-editor elementor-clearfix\">\n\t\t\t\tEl Grupo de Especialistas en Rescate Canino en Cat\u00e1strofes M\u00e9todo Arc\u00f3n es un grupo que se cre\u00f3 en 2010 formado por bomberos profesionales de diferentes provincias de Espa\u00f1a, con 20 a\u00f1os de experiencia en esta disciplina. Elegimos el M\u00e9todo Arc\u00f3n para la formaci\u00f3n e intervenci\u00f3n de nuestros equipos caninos de rescate por considerar el gran avance cient\u00edfico y operativo que supuso su creaci\u00f3n, es en la actualidad lo m\u00e1s eficaz que existe de entre medios tecnol\u00f3gicos as\u00ed como de detecci\u00f3n canina, atestigu\u00e1ndolo as\u00ed los\r\nhechos en situaciones de operaciones reales en siniestros (tras localizar personas con vida donde previamente hab\u00eda sido descartada la existencia de supervivencia sepultada) y por los prestigiosos avales cient\u00edficos e institucionales, siendo el M\u00e9todo Arc\u00f3n oficial en pa\u00edses y regiones de alto riesgo s\u00edsmico.\t\t\t\t\t<\/div>\n\t\t\t\t\t\t<\/div>\n\t\t\t\t<\/div>\n\t\t\t\t\t\t<\/div>\n\t\t\t\t\t<\/div>\n\t\t<\/div>\n\t\t\t\t\t\t\t\t<\/div>\n\t\t\t\t\t<\/div>\n\t\t<\/section>\n\t\t\t\t<section class=\"elementor-section elementor-top-section elementor-element elementor-element-6296987 elementor-section-boxed elementor-section-height-default elementor-section-height-default\" data-id=\"6296987\" data-element_type=\"section\">\n\t\t\t\t\t\t<div class=\"elementor-container elementor-column-gap-default\">\n\t\t\t\t\t\t\t<div class=\"elementor-row\">\n\t\t\t\t\t<div class=\"elementor-column elementor-col-100 elementor-top-column elementor-element elementor-element-2e1bac8\" data-id=\"2e1bac8\" data-element_type=\"column\">\n\t\t\t<div class=\"elementor-column-wrap elementor-element-populated\">\n\t\t\t\t\t\t\t<div class=\"elementor-widget-wrap\">\n\t\t\t\t\t\t<div class=\"elementor-element elementor-element-66a9405 elementor-widget elementor-widget-image\" data-id=\"66a9405\" data-element_type=\"widget\" data-widget_type=\"image.default\">\n\t\t\t\t<div class=\"elementor-widget-container\">\n\t\t\t\t\t\t\t\t<div class=\"elementor-image\">\n\t\t\t\t\t\t\t\t\t\t\t\t<img loading=\"lazy\" decoding=\"async\" width=\"300\" height=\"300\" src=\"https:\/\/gerccma.com\/wp-content\/uploads\/2020\/09\/Logo-GERCCMA-V2-Sin-Fondo-300x300.png\" class=\"attachment-medium size-medium wp-image-215\" alt=\"\" srcset=\"https:\/\/gerccma.com\/wp-content\/uploads\/2020\/09\/Logo-GERCCMA-V2-Sin-Fondo-300x300.png 300w, https:\/\/gerccma.com\/wp-content\/uploads\/2020\/09\/Logo-GERCCMA-V2-Sin-Fondo-250x250.png 250w, https:\/\/gerccma.com\/wp-content\/uploads\/2020\/09\/Logo-GERCCMA-V2-Sin-Fondo-100x100.png 100w, https:\/\/gerccma.com\/wp-content\/uploads\/2020\/09\/Logo-GERCCMA-V2-Sin-Fondo-350x350.png 350w, https:\/\/gerccma.com\/wp-content\/uploads\/2020\/09\/Logo-GERCCMA-V2-Sin-Fondo-1024x1024.png 1024w, https:\/\/gerccma.com\/wp-content\/uploads\/2020\/09\/Logo-GERCCMA-V2-Sin-Fondo-150x150.png 150w, https:\/\/gerccma.com\/wp-content\/uploads\/2020\/09\/Logo-GERCCMA-V2-Sin-Fondo-768x768.png 768w, https:\/\/gerccma.com\/wp-content\/uploads\/2020\/09\/Logo-GERCCMA-V2-Sin-Fondo-1536x1536.png 1536w, https:\/\/gerccma.com\/wp-content\/uploads\/2020\/09\/Logo-GERCCMA-V2-Sin-Fondo.png 1734w\" sizes=\"auto, 100vw\" \/>\t\t\t\t\t\t\t\t\t\t\t\t\t\t<\/div>\n\t\t\t\t\t\t<\/div>\n\t\t\t\t<\/div>\n\t\t\t\t\t\t<\/div>\n\t\t\t\t\t<\/div>\n\t\t<\/div>\n\t\t\t\t\t\t\t\t<\/div>\n\t\t\t\t\t<\/div>\n\t\t<\/section>\n\t\t\t\t\t\t\t\t\t<\/div>\n\t\t\t<\/div>\n\t\t\t\t\t<\/div>\n\t\t","protected":false},"excerpt":{"rendered":"<p>El Grupo de Especialistas en Rescate Canino en Cat\u00e1strofes M\u00e9todo Arc\u00f3n es un grupo que se cre\u00f3 en 2010 formado por bomberos profesionales de diferentes provincias de Espa\u00f1a, con 20 a\u00f1os de experiencia en esta disciplina. Elegimos el M\u00e9todo Arc\u00f3n para la formaci\u00f3n e intervenci\u00f3n de nuestros equipos caninos de rescate por considerar el gran &hellip; <\/p>\n<p class=\"link-more\"><a href=\"https:\/\/gerccma.com\/index.php\/sobre-nosotros\/\" class=\"more-link\">Continuar leyendo<span class=\"screen-reader-text\"> \u00abSobre Nosotros\u00bb<\/span><\/a><\/p>\n","protected":false},"author":1,"featured_media":0,"parent":0,"menu_order":0,"comment_status":"closed","ping_status":"closed","template":"","meta":{"footnotes":""},"class_list":["post-9","page","type-page","status-publish","hentry"],"_links":{"self":[{"href":"https:\/\/gerccma.com\/index.php\/wp-json\/wp\/v2\/pages\/9","targetHints":{"allow":["GET"]}}],"collection":[{"href":"https:\/\/gerccma.com\/index.php\/wp-json\/wp\/v2\/pages"}],"about":[{"href":"https:\/\/gerccma.com\/index.php\/wp-json\/wp\/v2\/types\/page"}],"author":[{"embeddable":true,"href":"https:\/\/gerccma.com\/index.php\/wp-json\/wp\/v2\/users\/1"}],"replies":[{"embeddable":true,"href":"https:\/\/gerccma.com\/index.php\/wp-json\/wp\/v2\/comments?post=9"}],"version-history":[{"count":9,"href":"https:\/\/gerccma.com\/index.php\/wp-json\/wp\/v2\/pages\/9\/revisions"}],"predecessor-version":[{"id":728,"href":"https:\/\/gerccma.com\/index.php\/wp-json\/wp\/v2\/pages\/9\/revisions\/728"}],"wp:attachment":[{"href":"https:\/\/gerccma.com\/index.php\/wp-json\/wp\/v2\/media?parent=9"}],"curies":[{"name":"wp","href":"https:\/\/api.w.org\/{rel}","templated":true}]}}